e the prime factors of s(-14)?
2, 7
Let n be 5/(-2) + (-9)/6. List the prime factors of n/14 + 540/28.
19
What are the prime factors of 66 + 2/((-1)/((-4)/(-8)))?
5, 13
Let g be (-1)/4 - (-11208)/32. Suppose -3*a - 4*h = 210, a + g = -4*a - 5*h. List the prime factors of (-4)/6 - a/6.
11
Let f = 26 + -10. Let r = f - 6. What are the prime factors of r?
2, 5
Let g(m) = -3*m + 1. Let p be -2 - (7 - 1)/3. List the prime factors of g(p).
13
Let p(v) = v - 1. Let h be p(1). Let m be (6/(-4))/((-12)/16). Suppose 3*a = 5*b - h*b - 10, -m*b - 3*a + 4 = 0. List the prime factors of b.
2
Let v(k) = k**3 - 5*k**2 - 5*k. What are the prime factors of v(7)?
3, 7
Let a(u) = -2*u + 2. Let q be a(4). Let r = q - -17. What are the prime factors of r?
11
Suppose 29 = 2*t + c - 191, 4*c - 436 = -4*t. What are the prime factors of t?
3, 37
Let v(j) be the second derivative of 0 + j + 1/3*j**3 + 5/12*j**4 + 1/2*j**2. List the prime factors of v(-1).
2
Let z be 28 + -2 + -1 - -1. Let j(n) = -n**2 - 1. Let a be j(-4). Let i = a + z. What are the prime factors of i?
3
Suppose 4*i + 42 = 5*i + 5*g, -2*i = -2*g - 36. What are the prime factors of i?
2, 11
Suppose -2*n = -3*n + 4*a + 19, 5*n - 31 = 4*a. Suppose 24 = n*f - 27. What are the prime factors of f?
17
Let o(p) = 9*p**2 + 2*p - 1. Let i be o(-2). Let s be (-12)/3*-2*2. Let t = i - s. What are the prime factors of t?
3, 5
Let y be (-1 - (-3)/6)*-10. Suppose -5*b - 1 = y*g + 39, 4*g = -b - 20. What are the prime factors of (-38)/2*(b + 3)?
19
Let s = 1 - -2. Let n = 5 - s. Suppose -10 = -3*a + n*a. List the prime factors of a.
2, 5
Let b be -6*1/(-2)*3. What are the prime factors of (-74)/(-4) - b/6?
17
Suppose -21*n + 17*n + 164 = 0. What are the prime factors of n?
41
Suppose 161 - 656 = -5*y. List the prime factors of y.
3, 11
Let a = 413 + -283. List the prime factors of a.
2, 5, 13
Suppose -n + 55 + 9 = 0. List the prime factors of n.
2
Let s = 264 - 62. What are the prime factors of s?
2, 101
Let y(o) = -o**2 + 10*o. Let h be y(9). Suppose -4*l = -h*l + 125. What are the prime factors of l?
5
Let a(p) be the third derivative of 43*p**4/24 - p**3/6 - p**2. Let l be a(1). Suppose 0 = -5*o + l + 3. What are the prime factors of o?
3
Let w(c) = c**2 - c - 4. Let n be w(0). What are the prime factors of 7/(((-12)/21)/n)?
7
Let a be 2/(-7) - (-60)/14. Suppose 5*b - 98 = -4*t, 2*b = -0*t + a*t + 28. List the prime factors of b.
2, 3
Let m(w) = -2*w + 9. List the prime factors of m(-9).
3
Suppose 2 = -5*o - m, 6*m = -3*o + 2*m - 8. Suppose o = -3*i - 12 + 45. List the prime factors of i.
11
Let y(c) = c. Let d be y(8). Suppose 4*b + 5*w = 89 - d, 3*b = w + 37. List the prime factors of b.
2, 7
Suppose 0 = 5*f - 144 + 34. List the prime factors of f.
2, 11
Let y(b) = 4*b**3 + 2*b**2 + b. Let c be y(-1). List the prime factors of ((-95)/15)/(1/c).
19
Let n = -7 + 11. Let q(s) = s + 1 - 3 - n + 2*s. What are the prime factors of q(5)?
3
Let s(i) = i**2 + i + 2. Let z be s(0). Suppose 2*a + 23 = -2*a + 3*q, 3*a = z*q - 16. List the prime factors of 3 + 2/(4 + a).
2
Suppose 2*p - 4 = 6. Suppose -4*h = -4, p*h - h + 1 = o. List the prime factors of o.
5
Let l(q) = -q - 2. Let s be l(0). Let i be -1*(-1)/((-1)/s). What are the prime factors of (i/1)/((-1)/(-3))?
2, 3
Let f(v) be the second derivative of -v**3/6 - v**2 + v. Let z be f(-2). Let a(s) = s**3 + 16. List the prime factors of a(z).
2
Let l = 4 - 1. Suppose -2*z = -l*p, -z + 2*z + 22 = -4*p. What are the prime factors of (-16)/z*(5 - 2)?
2
Let s(p) = 9*p**2 + p - 1. Let r = 4 + -3. What are the prime factors of s(r)?
3
Suppose 0 = j + j + 6. Suppose -v = 5*x - 6, v = -0 + 1. What are the prime factors of 7 + j + x + -1?
2
Let g be (3 - 1)/2 - -3. Suppose g*s = -4*k + 48, -3*k + 4 = 1. List the prime factors of s.
11
Suppose 2*b = 4*b - 6. Let p = 17 - b. What are the prime factors of p?
2, 7
Suppose 0 = 4*i - 164 - 48. Suppose 3*s + 4*p = 5*p + 49, -5*p - i = -3*s. List the prime factors of s.
2
Let g = -466 + 799. List the prime factors of g.
3, 37
Let c be ((-6)/(-5) + 0)*15. Let q be 118/(-4) - c/12. Let f = -21 - q. List the prime factors of f.
2, 5
Let f(x) = x**2 - 11*x - 7. Let a be f(12). Suppose 4*d + 5*u + 68 = 316, 3*u = -a*d + 297. List the prime factors of d/2*(-4)/(-6).
19
Let x be (-37)/(-3) + (-5)/15. Suppose n = -3*t + 5 + x, 4 = 4*t. What are the prime factors of n?
2, 7
Let h be (1/(-3))/(1/(-93)). Suppose 0 = 3*x - 134 - h. Suppose 2*u + x = 7*u. List the prime factors of u.
11
Let h(d) = -d**3 + d**2 + 5*d. Let s be h(-4). Let q = s + -27. List the prime factors of q.
3, 11
Let p(u) = u**2 + u + 1. Let l(i) = 2*i**2 + 9*i + 6. Let q(b) = -l(b) + 4*p(b). Let y be q(5). Let k = -12 + y. What are the prime factors of k?
11
Let f(m) = -m**3 + m**2 + 2*m + 259. List the prime factors of f(0).
7, 37
Let k = -3 - -5. Suppose 0 = k*b - 2 + 16. What are the prime factors of b*((-40)/14 + 2)?
2, 3
Let m = -35 + 60. List the prime factors of m.
5
Let d be ((-4)/(-1 - -2))/(-1). Suppose 3*j = d*h + 15, j - 10 = -3*h + 8. Suppose 4*k - 45 = -j. What are the prime factors of k?
3
Let u(l) = -l**3 - 8*l**2 - 13*l - 10. List the prime factors of u(-8).
2, 47
Let t(k) = 9*k + 7. What are the prime factors of t(4)?
43
Suppose -19 = 4*k + 5*t, -6*k + 2*k - 22 = 2*t. Let m be (2/k - 0)*-3. List the prime factors of (4 - 3/m) + 12.
13
Suppose -5*m - 4*h + 126 = 0, 4*h - 9 - 7 = 0. Suppose 26 = 3*b - m. Suppose -s + 4*s + f - 38 = 0, s + 2*f - b = 0. List the prime factors of s.
2, 3
Let p(q) = -q**2 - 7*q + 1. Let g be p(-6). Let s(i) = 0 + i**2 + 10 + g*i + 0*i**2. List the prime factors of s(-7).
2, 5
List the prime factors of 98 + -9 - (1 - -2).
2, 43
Let y(g) = 7*g + 1. Let w(j) = 15*j + 3. Let p(q) = 4*w(q) - 9*y(q). List the prime factors of p(-5).
2, 3
Suppose 2*k + k - 39 = 0. What are the prime factors of k?
13
Suppose -f - 25 = -6*f. Let l = -3 + f. What are the prime factors of (l + 0)*6/4?
3
Suppose -2*h + 5*h = 15. Let w = -17 - -11. Let b = h - w. What are the prime factors of b?
11
List the prime factors of (-4)/6*(-2 - 1).
2
Let g be (-1)/((-3)/(-81)*3). Let y = 15 + g. List the prime factors of y.
2, 3
Suppose 7*a = a + 264. What are the prime factors of a?
2, 11
Let h be 38 - (4/(-4) - 0). Suppose -3*r + 2*b - 90 = 0, 2*b - 3*b + 31 = -r. Let w = h + r. List the prime factors of w.
11
Suppose -3*z - 70 = -4*z. Suppose 2*i = -i + 12. Suppose -i*a = a - z. List the prime factors of a.
2, 7
Let u(a) = -a + 16. List the prime factors of u(-11).
3
Suppose -52 = -5*u + 2*l, 2*l + 3 = -u + 11. What are the prime factors of u?
2, 5
Let l be (1 - (1 - -4)) + 1. Let o = l - -1. List the prime factors of 5 + 0 + (o - -1).
2
Suppose 165 = 4*p + p. What are the prime factors of p?
3, 11
Let t(l) = l**3 + 8*l**2 - 12*l + 7. Let g be t(-9). What are the prime factors of g/3*9/6?
17
Let i(a) = 14*a**2. List the prime factors of i(-2).
2, 7
Suppose 6 - 22 = -4*r. Suppose -s + 28 = r*y + 4*s, s = 0. List the prime factors of y.
7
Let f be (42/35)/(2/15). Let z(v) = v**3 - 9*v**2 - 3*v + 6. Let i be z(f). Let r = i - -41. List the prime factors of r.
2, 5
Suppose 4*m - 40 = -0. What are the prime factors of (16/m)/(4/20)?
2
Let q(u) be the first derivative of -u**3/6 - u**2 - u - 2. Let n(y) be the first derivative of q(y). What are the prime factors of n(-4)?
2
Suppose 400 = 6*w - 2*w. Suppose -w = g - 6*g. What are the prime factors of g?
2, 5
Let d(b) = 13*b + 1. What are the prime factors of d(2)?
3
Suppose 45 = 4*t - 3*z, -t + 100 = 4*t + 5*z. Let n = t - 12. What are the prime factors of n?
3
Let g(i) = -34*i + 1. List the prime factors of g(-6).
5, 41
Let i(w) = -w**3 - 11*w**2 - 11*w + 1. List the prime factors of i(-10).
11
Let i(r) = -r + 8. Let n be i(11). List the prime factors of 2/(n/12*-2).
2
Let r(c) = 7*c - 1. Let y be r(-1). List the prime factors of (3/1)/((-12)/y).
2
Suppose 0 = -3*q + 4*q - 36. Suppose -4*d + 2*b = -q, -4*b + 0 - 42 = -5*d. List the prime factors of d.
2, 5
Let t = -5 - -5. Suppose t = 3*f - f - 42. List the prime factors of f.
3, 7
Let l = -11 - -19. What are the prime factors of l?
2
Suppose -5 = 4*p - 173. List the prime factors of p.
2, 3, 7
Let z(n) = n**3 + 5*n**2 - n - 3. Let a(v) = v**3 + 7*v**2 + 8*v + 8. Let l b